*s**2 - 5*s - 30. Determine i(-10).
-380
Let x(i) = -57*i + 1156. Calculate x(22).
-98
Let x(w) = 1505*w + 3015. Give x(-2).
5
Let y(k) = -73*k**2 - 4*k + 6. Give y(0).
6
Let h(s) = s**2 + 5*s - 58. Determine h(6).
8
Let r(x) = -2*x**3 - 8*x**2 - 263*x - 796. Give r(-3).
-25
Let w(a) = a**3 - 62*a**2 + 2*a - 15. What is w(0)?
-15
Let v(k) = 77*k + 218. Calculate v(-9).
-475
Let k(t) = -8*t**2 + 217*t + 1549. Give k(33).
-2
Let m(o) = 212*o - 27. Calculate m(0).
-27
Let f(h) = -7*h - 92. Give f(-31).
125
Let l(c) = 2900*c + 2894. What is l(-1)?
-6
Let y(s) = -s**2 - 18. What is y(-9)?
-99
Let x(j) = 2*j**3 + 9*j**2 - 65*j - 64. Calculate x(-8).
8
Let w(r) = 2*r**2 - 14*r + 3. What is w(5)?
-17
Let x(b) = -109*b + 3965. Calculate x(35).
150
Let l(f) = 3*f**2 + 35*f + 5. What is l(-14)?
103
Let t(q) = -3*q**2 - 4*q + 28. Give t(3).
-11
Let f(a) = -a**3 - a**2 - 7*a + 71. What is f(0)?
71
Let g(y) = 5*y**2 - 192*y - 142. Determine g(36).
-574
Let t(n) = 158*n**2 + 1280*n + 143. Give t(-8).
15
Let n(s) = s**3 - 2*s**2 - 8*s - 221. Determine n(0).
-221
Let r(p) = p**3 + 19*p**2 + 63*p + 2203. Calculate r(-21).
-2
Let n(p) = p**2 + 3760*p + 11272. Give n(-3).
1
Let g(h) = -h**2 - 4*h + 47. Determine g(13).
-174
Let s(f) = -104*f - 6994. Give s(-67).
-26
Let p(t) = t**2 - 9*t - 12. Determine p(16).
100
Let x(p) = -p**2 - 8*p + 15. Calculate x(-3).
30
Let x(m) = 4*m**2 - 85*m + 301. Calculate x(4).
25
Let y(l) = -3*l**2 - 16*l + 27. What is y(-11)?
-160
Let h(x) = -32*x + 3. Determine h(-9).
291
Let j(m) = -6*m**3 - 37*m**2 - 14*m - 47. Determine j(-6).
1
Let w(t) = -106*t - 1571. Determine w(-14).
-87
Let z(i) = 1045*i - 3143. Determine z(3).
-8
Let v(z) = -11*z + 171. Calculate v(18).
-27
Let m(z) = -155*z + 769. What is m(5)?
-6
Let n(u) = 446*u + 17845. Give n(-40).
5
Let k(x) = -x**3 - 21*x**2 - 35*x + 23. What is k(-16)?
-697
Let l(u) = -15*u - 161. Give l(-12).
19
Let k(z) = 68*z**3 + 2*z**2 - 3*z + 2. What is k(1)?
69
Let d(v) = 5*v**2 - 300*v - 1. What is d(60)?
-1
Let q(i) = -5*i**2 + 20*i + 380. Give q(-9).
-205
Let p(l) = -204*l - 1001. Determine p(-5).
19
Let y(k) = 67*k - 492. Determine y(11).
245
Let k(n) = -2*n**2 + 54*n - 280. What is k(7)?
0
Let d(p) = -4*p**3 - 14*p**2 + 21*p + 28. Calculate d(-5).
73
Let a(n) = -8*n**2 - 5*n - 27. Calculate a(5).
-252
Let k(c) = 1260*c**2 + 108361*c + 88. Calculate k(-86).
2
Let o(k) = 2*k**3 + 9*k**2 - 29. Determine o(-5).
-54
Let p(t) = -271*t + 5150. Determine p(19).
1
Let l(t) = 11*t**2 - 12*t + 12. Calculate l(-4).
236
Let n(j) = 31*j - 80. Give n(10).
230
Let b(w) = -w**3 - 13*w**2 + 46*w + 233. Calculate b(-15).
-7
Let p(j) = j**2 + 17*j + 27. Give p(-20).
87
Let g(h) = -h**3 - h**2 + 2*h + 11. What is g(6)?
-229
Let a(h) = h**2 + 446*h - 19449. Calculate a(40).
-9
Let s(d) = -20*d - 872. What is s(-35)?
-172
Let c(l) = -101*l**2 - 303*l + 1. What is c(-3)?
1
Let j(c) = -5*c**3 + 20*c**2 - 11*c + 23. Calculate j(4).
-21
Let y(n) = 121*n - 632. What is y(5)?
-27
Let h(v) = 4*v**3 - 26*v**2 - 8*v + 19. Determine h(7).
61
Let x(y) = -y**3 + y**2 + 2*y - 147. What is x(0)?
-147
Let m(c) = c**3 - 28*c**2 + 4*c - 47. Determine m(28).
65
Let o(n) = -3*n**2 + 7*n + 21. Give o(6).
-45
Let n(w) = 100*w + 3399. Calculate n(-34).
-1
Let u(s) = -58*s - 190. What is u(-3)?
-16
Let d(g) = -5*g**3 + 832*g**2 - 1152*g - 494. Give d(165).
1
Let c(n) = -n**2 + 29*n + 5. Calculate c(27).
59
Let y(t) = 2*t**3 + 53*t**2 - 95*t - 301. What is y(-28)?
7
Let q(k) = -2*k**3 - 28*k**2 + 35*k + 815. What is q(-13)?
22
Let o(a) = -110*a**3 + a**2 - a. Determine o(1).
-110
Let g(b) = -1874*b - 5631. Calculate g(-3).
-9
Let x(z) = z**2 - 2*z - 46. What is x(-15)?
209
Let b(o) = -o**3 + 21*o**2 - 96*o + 50. What is b(6)?
14
Let s(v) = -v**3 + 8*v**2 + 11. Give s(-2).
51
Let k(u) = -256*u - 11816. Determine k(-46).
-40
Let h(r) = r**3 + 10*r**2 + 29*r - 21. Determine h(-6).
-51
Let a(j) = 33*j**2 + 455*j + 345. Calculate a(-13).
7
Let m(x) = -5*x**3 + 2*x**2 + 430*x + 1297. Calculate m(-3).
160
Let h(r) = 804*r + 36187. What is h(-45)?
7
Let g(j) = 14*j**3 + 19*j**2 - 40*j + 4. Give g(2).
112
Let q(t) = -t**3 + 13*t**2 - 48*t + 86. Give q(6).
50
Let r(m) = m**2 - m - 133. Give r(-13).
49
Let m(v) = -3*v**2 + 53*v - 239. Calculate m(13).
-57
Let z(j) = 10*j + 356. Calculate z(-38).
-24
Let q(v) = v**3 - 59*v**2 - 2*v + 143. Calculate q(59).
25
Let b(i) = -i**3 - 4*i**2 + 218*i + 85. Determine b(13).
46
Let o(z) = -3*z**3 + 4*z**2 - 3*z + 94. Determine o(0).
94
Let z(u) = 27*u - 742. Determine z(40).
338
Let x(t) = 2*t**3 - 105*t**2 - 57*t + 222. What is x(53)?
10
Let o(s) = 24*s + 439. Give o(-10).
199
Let v(y) = y**3 - 11*y**2 - 439*y - 88. Determine v(-16).
24
Let t(o) = 82*o - 881. Give t(7).
-307
Let k(w) = w**3 - 56*w**2 - 241*w + 53. Determine k(60).
-7
Let k(s) = -5*s**2 - 328*s + 480. Give k(-67).
11
Let l(a) = -4*a + 436. Determine l(110).
-4
Let a(l) = -6*l**2 + 35*l - 412. What is a(7)?
-461
Let t(l) = 2*l**2 - 10*l + 71. Determine t(8).
119
Let z(j) = 3*j**3 + 3*j**2 - 14*j + 38. What is z(4)?
222
Let m(j) = -j**2 - 8*j - 1. Give m(0).
-1
Let y(r) = r**2 + 27*r - 67. Calculate y(-26).
-93
Let c(i) = -11*i - 548. What is c(-56)?
68
Let x(v) = -13*v - 394. What is x(-21)?
-121
Let s(b) = -b**3 - 30*b**2 + 96*b + 4. Calculate s(3).
-5
Let a(u) = 24*u - 2091. Determine a(78).
-219
Let f(d) = -160*d + 37900. Calculate f(237).
-20
Let g(l) = 55*l + 44. Determine g(1).
99
Let t(c) = -c**2 - 53*c - 716. What is t(-21)?
-44
Let g(v) = -v**3 - 19*v**2 - 60*v - 762. Determine g(-18).
-6
Let y(s) = -16*s**3 - 528*s**2 + 13*s + 433. Calculate y(-33).
4
Let d(a) = a**3 + 43*a**2 - 187*a + 27. Calculate d(-47).
-20
Let x(z) = z**3 - 9*z**2 + 19*z + 9. What is x(4)?
5
Let t(u) = -2*u**3 + 41*u**2 + 20*u - 82. What is t(21)?
-103
Let z(t) = 171*t + 8225. What is z(-48)?
17
Let y(u) = -196*u + 29203. What is y(149)?
-1
Let w(o) = 6*o**2 + 2*o + 40. Calculate w(5).
200
Let z(k) = 143*k - 9874. Determine z(69).
-7
Let f(y) = 5*y**2 + 9*y + 4. Determine f(1).
18
Let w(a) = -6018*a + 48154. Calculate w(8).
10
Let q(p) = 3*p**2 - 8*p + 10. Calculate q(7).
101
Let w(p) = p**2 + 39*p + 88. Calculate w(-18).
-290
Let w(q) = 1950*q - 52640. Determine w(27).
10
Let p(c) = 31*c - 15. Determine p(2).
47
Let t(s) = 73*s + 274. Give t(-4).
-18
Let w(b) = -15*b**3 + 5*b**2 + 4*b + 2. Give w(-2).
134
Let u(l) = -l**2 - 11*l + 2. Give u(0).
2
Let j(y) = -y**2 - 108*y + 106. Give j(1).
-3
Let l(k) = 2*k**2 + 122*k - 253. Determine l(-63).
-1
Let u(r) = -10*r**2 + 60*r + 517. Determine u(-7).
-393
Let m(o) = -3268*o - 78421. Give m(-24).
11
Let g(z) = -84*z + 950. What is g(12)?
-58
Let x(g) = 3722*g - 74423. Determine x(20).
17
Let v(r) = r**2 - 234*r - 1679. Calculate v(-7).
8
Let l(v) = 204*v**2 + v - 3. Calculate l(0).
-3
Let q(b) = b**2 + 14*b - 40. Calculate q(-17).
11
Let z(h) = 378*h**2 + 3777*h - 20. Give z(-10).
10
Let f(t) = -t**3 + 46*t**2 - 166*t - 85. What is f(42)?
-1
Let p(y) = -y**3 - 9*y**2 + 14*y + 128. Calculate p(-5).
-42
Let q(s) = -15*s - 139. What is q(-9)?
-4
Let b(v) = 2*v**2 - 23*v + 59. Calculate b(5).
-6
Let l(h) = 635*h - 3830. Calculate l(6).
-20
Let i(r) = -71*r + 6. Calculate i(-1).
77
Let f(i) = -9*i**3 + 583*i**2 + 133*i - 199. Determine f(65).
-4
Let u(x) = x**2 + 40*x - 164439. Calculate u(-426).
-3
Let h(v) = -v**3 + 45*v**2 - 34*v - 500. Give h(44).
-60
Let t(z) = 30*z - 262. What is t(9)?
8
Let t(k) = -k**2 + 752*k - 4484. Calculate t(6).
-8
Let c(g) = -2*g**3 + 4*g**2 + 4*g + 2. What is c(3)?
-4
Let o(x) = -1497*x + 312874. Determine o(209).
1
Let z(a) = -12*a**3 - 60*a**2 + 22*a + 8. Calculate z(-5).
-102
Let m(t) = -229*t - 25412. Calculate m(-111).
7
Let v(d) = d**3 - 14*d**2 - 14*d + 3. What is v(16)?
291
Let m(d) = -4*d**2 - 21*d - 4. What is m(1)?
-29
Let g(n) = 3*n**3 - 154*n**2 + 52*n - 51. Calculate g(51).
0
Let u(o) = o**3 + 32*o**2 + 181*o - 264. What is u(-24)?
0
Let g(q) = 33*q + 27. Determine g(2).
93
Let p(u) = -u**3 - 37*u**2 + 61*u + 3490. Give p(-36).
-2
Let n(b) = -b**2 - 45*b - 350. Determine n(-10).
0
Let t(l) = -242*l**2 - 38*l + 35. Determine t(1).
-245
Let q(b) = 2*b**2 - 786*b + 3111. Give q(4).
-1
Let r(g) = -73*g + 3708. Determine r(51).
-15
Let r(m) = 2*m**2 - 9*m - 45. What is